 -20 = k + 2*u. What are the prime factors of (-2 - k)/((-2)/(3 - 21))?
2, 3, 5
Let f be (8/(-16))/((-2)/4)*5. What are the prime factors of (-1 - 13)*(-11 - (f + 1))?
2, 7, 17
Let h(i) = 3*i**3 - i**2 - 5*i - 9. Let m be h(-4). Let r = m - -357. List the prime factors of r.
2, 5
Suppose 4*i + 227 = 3*j - i, 0 = 2*i - 10. Suppose j = -d + 4*d. What are the prime factors of d?
2, 7
Suppose 3*t = 3*n - 714, -4*n + 6*t + 955 = 5*t. List the prime factors of n.
239
Let q = 306 + -240. What are the prime factors of q?
2, 3, 11
Suppose -5*t = 20, -3*y + 2*t + 1336 = -1486. What are the prime factors of y?
2, 7, 67
Suppose x + 3*x = 0. Suppose x = -z - 2*z + 120. List the prime factors of z.
2, 5
Let v(b) = b**2 - 8*b + 20. Let n be v(6). Suppose -n*i + 117 = -5*i. List the prime factors of i.
3, 13
Suppose -4814 - 8290 = -21*k. List the prime factors of k.
2, 3, 13
Let o(b) be the third derivative of -b**6/120 - b**5/12 - 5*b**4/12 - 8*b**3/3 + 12*b**2. What are the prime factors of o(-5)?
2, 17
Let c be 75/10*8/6. Suppose -11*x + c = -6*x. Suppose 2*j = -3*n + 51, x*j - n - 45 = 18. What are the prime factors of j?
2, 3, 5
Let n(h) = 39*h**3 - 3*h**2 - 4*h - 25. What are the prime factors of n(5)?
3, 5, 317
Let h = -281 + 417. List the prime factors of h.
2, 17
Let b = 1087 + -41. What are the prime factors of b?
2, 523
Suppose j - 3 = 0, -j = -3*i - 6*j + 63. Suppose 2*o = -2*d - i, 2*o + 3*d + 24 = 4. Let w(q) = 2*q**2 + 3*q - 2. List the prime factors of w(o).
2, 3
Let m(r) = 3*r**2 - 2*r + 88. List the prime factors of m(0).
2, 11
Let u(g) = -4*g**2 - 3*g + 7. Let y be u(-4). Let w = y + 64. List the prime factors of w.
19
Let q = 18 - 14. Suppose -q*n + 155 = n. What are the prime factors of n?
31
Suppose -40*p + 34*p + 2892 = 0. What are the prime factors of p?
2, 241
Suppose 9*c - 4147 = 8282. What are the prime factors of c?
1381
Let k(j) = 0 + 12*j + 1 - 20*j + 4*j. Let q be k(-1). Suppose 0*c = -3*c + 2*h + 50, -c + 5*h = q. What are the prime factors of c?
2, 5
Let r be 133/28 - (-5)/4. What are the prime factors of ((-73)/1)/(5 - r)?
73
Let p(z) = z**3 + 16*z**2 + 17*z + 28. Let d be p(-15). List the prime factors of (((-1089)/d)/(-3))/(3/(-4)).
2, 11
Let m(l) = 3*l**2 + 2*l + 3. Let o be m(-2). Suppose -2*g - o = -39. Let s(z) = -z**2 + 16*z + 18. What are the prime factors of s(g)?
2, 23
Suppose 160 = 15*j - 20*j. List the prime factors of -42*(j/(-12) - 4).
2, 7
Suppose -3*m + 20 = -7*m - 2*g, 5*m + 15 = -5*g. Suppose -n = -4*s + 196, 0 = -4*s - 0*s - 2*n + 208. Let l = s + m. What are the prime factors of l?
43
Let l be ((-17)/(-3))/((-5)/(-45)). Let r = 130 - l. What are the prime factors of r?
79
Suppose 57*m - 22480 = 49*m. What are the prime factors of m?
2, 5, 281
Suppose 5*b = 3*y - 218, 3*b + 8 = b. Let z(j) = -j**2 + j + 9. Let c be z(0). Suppose -c*s + 7*s = -y. List the prime factors of s.
3, 11
Let b be (-282)/(-2)*1 - 0. What are the prime factors of ((-940)/b)/(0 - (-2)/(-60))?
2, 5
Suppose y = 690 + 76. List the prime factors of y.
2, 383
Suppose 4*t = 2*t - 54. List the prime factors of -1*(-6)/t - (-5050)/45.
2, 7
Let j = 30 - -11. Let r = 63 - j. What are the prime factors of r?
2, 11
Let i = 96 - -750. List the prime factors of i.
2, 3, 47
Suppose 0 = 158*y - 161*y + 1923. List the prime factors of y.
641
Suppose -3*p + 2804 = 5*q, -5*q + 930 = 4*p - 1872. List the prime factors of q.
2, 281
Suppose -4*f + 168 = -5*z - 72, -3*f + 161 = z. List the prime factors of f - -1 - (-8)/(-4).
2, 3
Suppose -2 = 4*s + 4*u + 2, -s - 5 = 2*u. Let b = s - -5. Let w = b + 28. List the prime factors of w.
2, 3
What are the prime factors of ((-1)/(-3))/((-115)/(-1077090))?
2, 7, 223
Let n(k) = -k**3 + 20*k**2 - 18*k - 5. Suppose -2*o - 5*z = -3*o + 9, -5*o + 2*z + 91 = 0. What are the prime factors of n(o)?
2, 7
Suppose -4*o + 2496 = 3*z + 8066, -o + 1866 = -z. List the prime factors of (-3)/45*3 + z/(-10).
2, 3, 31
Let o(m) = 46*m**3 + 2*m**2 + m - 1. Let x be o(-1). Let q = -47 + 32. Let t = q - x. What are the prime factors of t?
31
Let z be -1 - 1 - (-1 + 17). Let g = z - -21. List the prime factors of 56*g*1/3.
2, 7
What are the prime factors of -558*(24/(-9) + 2)?
2, 3, 31
Suppose 25 = -5*j, 4*j - 14 = -2*z + 6*j. List the prime factors of (3/6)/(z/964).
241
Suppose 3008 = 2*l + 340. What are the prime factors of l?
2, 23, 29
Suppose 0 = -23*o - 7*o + 19560. What are the prime factors of o?
2, 163
Let v(c) = c**3 + 19*c**2 - 20*c - 4. Let h be v(-20). What are the prime factors of 12/(h - -7) - -9?
13
Suppose -2*f + 5*y = -79, -3*f + 2*y = 5*y - 150. List the prime factors of f.
47
Suppose -17*w + 5350 = -7*w. Suppose -6*c + w = -c. What are the prime factors of c?
107
Let o(z) = -z**2 - 2 - 3 - 4*z + 4 - 2. Let f be o(-3). Suppose f*n - n = -11. List the prime factors of n.
11
Suppose 66*g - 6942 = 60*g. What are the prime factors of g?
13, 89
Suppose -o = 3*a - 4, -2 = -2*a - 0*a - o. Suppose -2*l - 6 = 3*q, 0 = 3*l + a*q + 3 + 1. List the prime factors of l - (2 - 5 - 0).
3
Let u = -53 + 58. Suppose u*d + 4*k - 831 = 0, -5*d - 4*k + 832 = -k. What are the prime factors of d?
167
Let d = -8 + 19. Suppose y - d = -5. Suppose 2*s - y*s = -180. What are the prime factors of s?
3, 5
Suppose 2*t = -2*i + 4*i + 112, -5*t + 282 = -4*i. Suppose -5*k + 17 = -t. Suppose 14 + k = p. What are the prime factors of p?
29
Let c = -94 + 526. List the prime factors of c.
2, 3
List the prime factors of (450/63)/((-5)/(-105)).
2, 3, 5
Let z(p) = p**3 - 22*p**2 + 49*p - 1. List the prime factors of z(23).
5, 331
Let a be 11/6 + 5/30. Suppose f - 32 = -x, a*f = -2*x - 2*x + 126. What are the prime factors of x?
31
Suppose -1725 = -5*c - 5*t, 0*c - 2*c - 5*t + 687 = 0. What are the prime factors of c?
2, 173
Let n(j) = 3*j**3 - 39*j**2 + 9*j - 4. Let h(s) = 4*s**3 - 59*s**2 + 13*s - 6. Let c(p) = -5*h(p) + 7*n(p). List the prime factors of c(-22).
2, 23
Let k = -7 - -11. Suppose -6*s + 3*s = -9. Suppose 51 - 20 = v - s*c, k*c + 62 = 2*v. List the prime factors of v.
31
Suppose 0 = 3*o - 6. Suppose o*w = 7*w - 50. Suppose 2*h + 8 = 3*q, -3*h = 5*q + 3 - w. List the prime factors of q.
2
Let x be (1 - -2)/(12/(-424) + 0). Let w = -1 - x. List the prime factors of w.
3, 5, 7
Let a = 5982 + -2345. List the prime factors of a.
3637
Let o(v) = 4*v + 39. Let y(g) = g - 1. Let k(m) = -o(m) - 4*y(m). What are the prime factors of k(-12)?
61
Suppose -3*r - 237 = -g, 0 = 4*g - 2*r - 2*r - 988. What are the prime factors of g?
2, 3, 7
Let p(t) = 4*t + 9. Let a(n) = -6*n**2 - n. Let f be a(-1). Let x be p(f). Let m = 23 + x. List the prime factors of m.
2, 3
What are the prime factors of (855/1026)/(1/366)?
5, 61
Let d(n) = n**3 - 2*n**2 + 3*n - 2. Let z be d(2). Suppose -2*k + 54 = r, -40 = -r + z*k + k. Let i = -30 + r. What are the prime factors of i?
2, 5
Let c = 17 + -15. Let q be 11/c*(-2 + 12). Let k = q + -33. What are the prime factors of k?
2, 11
Let z(o) = o**3 + o**2 - 3*o + 9. Let c be z(2). What are the prime factors of 0 + (-3*c)/(-5)?
3
List the prime factors of ((-81)/9 - -27)*58/6.
2, 3, 29
Let j be (36/42)/((-2)/(-7)). Suppose 0 = -5*k, j*h - 41 = 2*h - 3*k. What are the prime factors of h?
41
Let m(q) = -80*q + 0 - 1 - 84*q + 163*q + 185*q**2. What are the prime factors of m(-1)?
5, 37
Let m = 41 - 60. Let t be 2/4 - (-41)/2. Let g = t - m. List the prime factors of g.
2, 5
Let k(o) = o**3 + 6*o**2 + 33. What are the prime factors of k(7)?
2, 5, 67
What are the prime factors of 2788/17 + (-2 - -3)?
3, 5, 11
Suppose 0 = -4*t - 3*m - 1, 17 = 3*t - 4*m - 1. Suppose 4*p - 2*u = 378, -t*p - 3*u = 3*p - 445. Suppose 3*c - p = 43. List the prime factors of c.
3, 5
Let f(a) = 2*a + a - 4*a - 10 + 1. Let o be f(-6). List the prime factors of -76*-3*o/(-18).
2, 19
Let u = 5 + -11. Let z(w) = -21*w + 40. What are the prime factors of z(u)?
2, 83
What are the prime factors of ((-12)/(-16))/((-1)/(-124))?
3, 31
Let d(q) = 6*q**2 - 3*q - 2. Let c be d(-1). Suppose -c*k + 617 = -937. List the prime factors of k.
2, 3, 37
Let t(j) = j**3 + 2*j**2 - 11*j - 6. Let z be t(-4). Suppose z*y = 8*y - 84. What are the prime factors of y?
2, 3, 7
Suppose -3*h + 5*h = 0. Let g = h - -2. Suppose 2*p - 64 = -g*p. What are the prime factors of p?
2
List the prim